2. Is (3 - (-1 + r))*c a multiple of 13?
False
Suppose 2*c - 3*b + 253 = 2*b, -4*b = 5*c + 583. Let z = 341 - 107. Let o = z + c. Is 24 a factor of o?
False
Let f(y) = y**3 + 11*y**2 - 20. Is 17 a factor of f(-7)?
False
Does 4 divide -2 + ((-588)/(-27) - 12/(-54))?
True
Let v(i) = 5*i - 43. Let f be v(8). Is 8 a factor of 37 - 2/(2/f)?
True
Suppose -2*b + 2*r = -2*r + 14, 2*b = 5*r - 19. Suppose -388 = -4*z - 5*k + k, -b*z + 306 = -2*k. Is 10 a factor of z?
True
Suppose -257 = 4*v - 1961. Is 71 a factor of v?
True
Let z be 0 - ((-12)/8*2 - -3). Suppose 5*p - c - 147 = -z*c, -4*p + 3*c = -111. Is 10 a factor of p?
True
Suppose -x + 1387 = 2*a - 6*x, -4*x = a - 661. Does 6 divide a?
False
Let g(i) = 6*i**3 - 10*i + 3*i**3 - 6*i**2 + 3*i**3 - 11*i**3 - 6. Is 7 a factor of g(8)?
True
Let p = 1401 + -841. Does 7 divide p?
True
Let n(v) = 2*v**2 + 2*v**2 - 8*v + 2*v**2 - 7 - 4*v**3 + 5*v**3. Let r be n(-7). Suppose j + 2*j - d - 66 = r, 3*d + 9 = 0. Is 17 a factor of j?
False
Suppose -2*b + 4*u = -12, -6 = -3*u + 6*u. Suppose 2*t + b = 152. Is t a multiple of 25?
True
Let c(u) = u**3 - 24*u**2 - 32*u + 26. Let y be c(25). Let x = 22 - y. Does 23 divide x?
False
Let o(m) = 13*m - 1. Let t = -7 + -6. Let b = 14 + t. Is 6 a factor of o(b)?
True
Let d(f) be the second derivative of -179*f**5/20 - f**4/12 + 14*f. Is 16 a factor of d(-1)?
False
Suppose 6*w + 334 - 838 = 0. Suppose 2*v = -w - 636. Does 15 divide (-2)/(4/v*3)?
True
Suppose h = 5*x - 1348 + 3924, 0 = h + 5*x - 2536. Does 142 divide h?
True
Let m(f) = -430*f**2 - 1. Let y be m(1). Let l = y + 714. Let t = l + -195. Is t a multiple of 22?
True
Let l be (-28)/(-6) - (-20)/60. Suppose l*k - 198 = 112. Does 3 divide k?
False
Suppose -2*c = -d - 2 + 3, 2*d - 3*c - 4 = 0. Suppose 0 = -5*w - 4*t + 140, d*w + 2*t - 106 = 24. Is w a multiple of 5?
False
Suppose 14*v - 21*v + 4851 = 0. Does 7 divide v?
True
Let v be (2/4 - 1)*12. Let l(w) be the first derivative of -w**4/4 - 2*w**3 - w**2 + 5*w + 3. Does 10 divide l(v)?
False
Is (-115)/((10/102)/(-5)) a multiple of 15?
True
Let x(w) = w**3 - 16*w**2 + 7*w - 23. Let z be x(17). Suppose -y + 2*y - 133 = 4*t, -3*y + 5*t = -z. Is 25 a factor of y?
True
Let g(w) = -47*w**3 + w**2 - w - 1. Is 24 a factor of g(-1)?
True
Let p(u) be the third derivative of 5*u**4/12 - 6*u**3 - 25*u**2. Is p(4) a multiple of 2?
True
Let q be 1 - 1 - 45/(-15). Suppose q*k = -u + 163, 4*k - 5*u = -k + 285. Does 13 divide k?
False
Let w = -21 - -24. Suppose -w*p - 24120 = 3*p. Does 16 divide p/(-50) + (-2)/5?
True
Suppose -3*p + 0*w + 4*w + 104 = 0, 0 = 2*w - 2. Is p a multiple of 18?
True
Suppose 294 = -d + 4*d. Suppose 3*p + 4 + 9 = 5*x, x = -2*p + 13. Suppose -j + 427 = x*b, -j - 15 + d = b. Is b a multiple of 13?
False
Suppose -37*a - 21*a + 46806 = 0. Does 29 divide a?
False
Let k(c) = -27*c**2 - 2*c + 1. Let m be k(1). Let s = m + 31. Is 11 a factor of -99*(s + (-30)/9)?
True
Let m(r) = -r**3 + 14*r**2 + 2*r - 14. Is 58 a factor of m(10)?
True
Let w(h) = 3*h + 18. Let m be w(-18). Let t = 108 + m. Does 8 divide t?
True
Let f = 981 - 669. Is 4 a factor of f?
True
Is 7/((-6)/(-126) + 0) a multiple of 2?
False
Suppose -4*a - 1 = -7*a - 2*x, 2*a - 3*x + 21 = 0. Is 8 a factor of (a - -185) + (4 - 2)?
True
Let v(k) = -k**3 - 3*k + 0 + 0 - 2*k**2 - 6*k**2 - 2. Let c be v(-8). Suppose -2*z - c + 162 = -4*f, -4*f - 296 = -4*z. Is 26 a factor of z?
True
Let r(l) = 3*l**2 - 10*l - 25. Let x be r(-6). Suppose -5*k + k + 140 = 4*a, -x = -4*a - 3*k. Does 10 divide a?
False
Let v = -12 + 17. Let y be 2 + v/((-20)/(-12)). Suppose 61 = y*w + g - 121, -96 = -3*w - 5*g. Is w a multiple of 13?
False
Let n = -86 - -81. Let u(w) = w**3 + 9*w**2 - w. Is u(n) a multiple of 12?
False
Suppose 0 = -4*f - 4*f - 48. Is (-1950)/(-45) - (-8)/f a multiple of 14?
True
Let q = -29 - -67. Let g = q - 4. Is g a multiple of 17?
True
Let v = 85 + -41. Let i = v - 22. Let s = -9 + i. Is s a multiple of 13?
True
Let q(i) = 2*i - i - 2 - 2*i + 15. Let o be q(10). Suppose o - 1 = p. Is p even?
True
Is (-3 - (-27)/12)/(3/(-3384)) a multiple of 47?
True
Let h = 13 - 3. Is (-2)/h + 4016/80 a multiple of 10?
True
Suppose 14*x - 13*x + 2*l - 4467 = 0, 2*x = -l + 8931. Is x a multiple of 19?
True
Let l(s) = -s**2 - s + 5*s + 56*s**3 - 4*s. Let t(c) = c**2 - 8. Let h be t(-3). Is l(h) a multiple of 11?
True
Suppose 5*k + 1620 = 430. Let a = 528 + k. Does 44 divide a?
False
Let c = -5 - -24. Suppose -4*s = 4*a - 164, -s + 22 + 11 = -a. Let k = s - c. Is 6 a factor of k?
True
Let f(i) = i**2 + 7*i - 1. Let r be f(-5). Let j = 89 + r. Does 13 divide j?
True
Let v = 0 - -16. Suppose -r + 5*r + v = 0. Let a = 24 - r. Is 4 a factor of a?
True
Is 6 a factor of (-72)/4*66/(-18)*3?
True
Suppose -433 = -5*p + 697. Suppose 67 = -3*k + p. Is k a multiple of 20?
False
Let a(u) = -1 - 4*u**2 - 7 + 5*u**2. Is a(6) a multiple of 8?
False
Let h(o) = -16*o**3 - 5*o**2 - 6*o - 2. Let w be h(-2). Let p = 201 - w. Suppose -5*b + p = -57. Is b a multiple of 4?
True
Let i(u) = -u**3 + 9*u**2 - 9*u + 7. Let y be i(8). Is 7 a factor of (-28)/(y - (2 - 2))?
True
Suppose -790 = -3*r + 5*v, -3*v + 552 = -4*r + 6*r. Is r a multiple of 30?
True
Let n(r) = -3*r**3 - 12*r**2 + 14*r + 3. Let x(y) = -y**3 - 1. Let v(p) = n(p) - 4*x(p). Does 33 divide v(11)?
False
Let z(b) = -11*b**3 - 3*b - 2. Let y(s) = -4*s + 31. Let v be y(8). Does 4 divide z(v)?
True
Suppose 5*v - q + 7 = 0, -2*q = -5*v + 2*v. Does 4 divide 3 - (3*v)/3?
False
Suppose 58*c - 61*c + 30 = 0. Is 5 a factor of c?
True
Suppose -3*t - 176 = 694. Let m = t + 514. Is m a multiple of 16?
True
Suppose -y + 6360 - 1523 = 0. Suppose -997 = 8*w - y. Suppose -a + w = 5*a. Is a a multiple of 16?
True
Let o(j) = -j**2 + 9*j + 3. Suppose 7*h = 2*h. Let l be h + 1 + 2 + 4. Is o(l) a multiple of 15?
False
Suppose -f - 5*k + 108 = -k, -3*f = 2*k - 344. Is 17 a factor of (-2)/(f/(-57) + 2)?
False
Let z be ((-72)/10)/((-21)/70). Let v = z - -22. Does 23 divide v?
True
Does 5 divide 4/1 - (-68 + -6)?
False
Suppose 3*a + 131 = 1253. Is 4 a factor of a?
False
Let k(c) = -c**3 + 11*c**2 + 34*c + 27. Is 8 a factor of k(13)?
False
Let a(v) = -v**3 + 21*v**2 - 18*v + 16. Suppose 2*i - 3*b - 40 = -3, 3*i = 3*b + 57. Is a(i) a multiple of 12?
False
Suppose -2*d - 2*d = 20. Let g be (-4)/7 - 432/(-21). Let r = d + g. Is 7 a factor of r?
False
Let u be (-48)/18*(-9)/4. Suppose 3*x + u = -9. Does 18 divide (-1930)/(-50) + (-2)/x?
False
Let n(b) be the third derivative of -67*b**4/24 + 5*b**3/3 + 26*b**2. Is n(-2) a multiple of 12?
True
Suppose -3*l - 2*z + 70 = 0, 6*l - 4*z = 9*l - 74. Does 13 divide l?
False
Let c be 3 + -3 + (59 - -1). Suppose 6*d = d - c. Is ((-12)/(-3))/((-2)/d) a multiple of 18?
False
Let p(u) = 3*u**2 - 14*u - 10. Let t(r) = 9*r**2 + 12*r + 11. Let v be t(-1). Is 5 a factor of p(v)?
True
Let d = 1504 + -760. Is 8 a factor of d?
True
Is 7 a factor of (-10)/20 + 146*(-20)/(-16)?
True
Let v = 51 - 35. Suppose 0 = v*u - 13*u - 24. Is 8 a factor of u?
True
Suppose u = -4*h + 3*h + 66, 5*u - 314 = -h. Let j(i) = -i + 1. Let v be j(-2). Suppose 2*p - 3*l - u = -6*l, v*p - 79 = -l. Is 12 a factor of p?
False
Let j = -5 + 7. Let a be (1 + 6/(-10))*10. Suppose -234 = -a*r - 5*d, 2*r - 2*d - 104 = j*d. Is r a multiple of 28?
True
Suppose -5*c + 180 = 8*h - 3*h, 0 = -3*c + 4*h + 115. Let r = c + -24. Does 13 divide r?
True
Suppose 4*x = 2*p - 32, 4*p - 2*x = x + 59. Suppose 0 = 4*i + 5*q + 604, -4*q = 3*i - q + 456. Does 13 divide (i/p)/((-4)/28)?
True
Suppose 0*i + 120240 = 72*i. Does 64 divide i?
False
Suppose f + 5*b = -12, 2*f = -2*f - 5*b - 3. Does 7 divide 2/5*(49 + (f - -3))?
False
Let c(i) = 14*i**2 + 2*i - 32. Is c(9) a multiple of 14?
True
Let c = -286 - -1248. Is c a multiple of 37?
True
Let p be 2/4*2*-4. Let c be (-6)/p*2/3. Does 11 divide c/(-5) + (-406)/(-5)?
False
Suppose 4*v - 5*z = -23, 2*z - 7 = -v - 3. Let g(d) = -13*d + 4. Does 11 divide g(v)?
False
Let x(c) = -6*c + 8. Let w(d) = d - 1. Let q(j) = 2*w(j) + x(j). Let o be q(-9). Let a = o + -8. Does 12 divide a?
False
Let b(x) be the third derivative of 8*x**6/5 - x**5/60 - x**4/24 + x**3/3 + 7*x**2. Let q be b(1). Suppose -6*u + 10*u - q = 0. Does 12 divide u?
True
Let s(m) = -m + 8. Let a be s(4). Let w = -161 + 345. Suppose a*r + 